u) = -3*c(u) + m(u). List the prime factors of j(-14).
2, 3, 5
Let x be 48/4*-2 - 2. Let j = x + 30. Suppose -j*o = -12, -2*n + 2*o - 3*o = -75. List the prime factors of n.
2, 3
Let x be -1 + -3 - (35 - 0). Let d = x - -75. List the prime factors of d.
2, 3
Let q(b) = -b**3 + b**2 + b + 3. Let o be q(0). What are the prime factors of ((-14)/o - -5)*231?
7, 11
Let d be 0/(-3) - (-11)/(44/24). Suppose -d*w = 4*w - 1170. What are the prime factors of w?
3, 13
Suppose 0*n + 140 = -4*n. Let x = 7 + n. Let u = -5 - x. What are the prime factors of u?
23
Let l be (-16*2/1)/(-2). Suppose -176 = 4*k + 32. What are the prime factors of (-4)/(l/k) - -2?
3, 5
Let z be 39/((-2)/12 - (-8)/32). Suppose -z = -9*y + 3*y. List the prime factors of y.
2, 3, 13
Let g = 1645 - 387. What are the prime factors of g?
2, 17, 37
Suppose 0 = 4*s + 2*c - 8996, 6622 = 4*s - 4*c - 2386. List the prime factors of s.
2, 3, 5
Suppose v = -2*s + 3*v + 7344, s - 5*v = 3656. What are the prime factors of s?
2, 919
Let s(u) = u**2 - u. Let c(h) = 4*h**2 - 4*h - 1. Let a(w) = c(w) - s(w). Let v(q) = q**2 - 8*q + 9. Let p be v(6). What are the prime factors of a(p)?
5, 7
Let k(m) = -676*m - 60. What are the prime factors of k(-1)?
2, 7, 11
Let v(r) = -r**3 + 16*r**2 + 3*r + 2*r - 4*r - 7. Let l be v(16). What are the prime factors of (30/l)/((-2)/(-24))?
2, 5
Suppose 46*d - 35686 - 94402 = 0. List the prime factors of d.
2, 7, 101
Let j(l) = -2*l**3 - 4*l**2 - 2*l. Let q be j(-2). Suppose -q*v + 1 = 65. List the prime factors of (-68)/v - 1/4.
2
Suppose i - 417 = -97. Suppose -5*h - 3*g + i = 2*g, 0 = 3*h - 4*g - 199. Suppose -h = -19*v + 14*v. List the prime factors of v.
13
Let p be -3*(2 + -3) - -4. Suppose p*l + 484 = 11*l. What are the prime factors of l?
11
Let u be (17 - 1) + -3 + 2. Let o be (1 - 0) + -9*1. Let g = o + u. What are the prime factors of g?
7
Let r = -63 - -90. Suppose -6*n + 567 = r. What are the prime factors of n?
2, 3, 5
Suppose -5*r - 18 = -0*j + 4*j, 3*j = -3*r - 12. List the prime factors of (132/2)/(r + 4).
3, 11
Let v be (-2)/8 + 10469/(-76) - 1. Let s = -29 - 38. Let i = s - v. List the prime factors of i.
2, 3
Let q(n) = 3 + 10*n + 55*n**3 + 4 - 8*n**2 - 54*n**3. List the prime factors of q(7).
2, 7
Let p be (-61)/(-122) - (-2)/((-8)/(-38)). What are the prime factors of 44/p*(-4 + 34)?
2, 3, 11
Suppose -q - 3*u = -22, u + 60 = 4*q + 6*u. Suppose 3*h - 2*a = q + 64, -4*h - 5*a + 91 = 0. What are the prime factors of (12/h)/((-1)/(-6))?
3
Suppose 3*i = 12, -5*b + 5*i = 2*i - 4473. List the prime factors of b.
3, 13, 23
Let h(k) = 2*k**2 - 20*k - 44. What are the prime factors of h(27)?
2, 19, 23
Let v(r) = r**3 - 3*r**2 - 4*r + 2. Let w be v(4). Suppose z - 3*z - q = 8, 0 = -w*q - 8. What are the prime factors of (z - -4)*30/4?
3, 5
Suppose -3*r - 22 - 5 = 0. Let q = r + 19. List the prime factors of q.
2, 5
Let f be 3/9 - (-417)/(-9). Let i = f - -87. What are the prime factors of i?
41
Let l = 1 + -67. Let d = l + 237. What are the prime factors of d?
3, 19
Let n = 161 + 10. Let x be (n*-1)/(-3)*1. Suppose -5*t = -4*g + x, 4*g + 5*t - 17 = 70. List the prime factors of g.
2, 3
Suppose -7*u + 5*x - 526 = -9*u, -4*u = -3*x - 1078. List the prime factors of u.
2, 67
Let q(r) = -r**2 + r - 12. Let g be q(18). Let x = 453 + g. List the prime factors of x.
3, 5
Let f be 2 - ((-9 - -2) + 3). Suppose 3*n - f = 9. Suppose -5*a + 111 = -d, 3 = 2*d - n. What are the prime factors of a?
23
Suppose 4*s = 4*g - 28, 4*g - 7*s + 8*s = 13. Suppose 0 = -2*k - g + 268. What are the prime factors of k?
2, 3, 11
Let w = 137 - -26. List the prime factors of w - -1 - (14/(-2) - -3).
2, 3, 7
Let j(l) = -l**2 + 2 + 0*l**2 - 30*l**3 - l + 20*l**3. List the prime factors of j(-2).
2, 5
Let q(r) = 6 + 4*r**2 - 5*r - r**3 - 10 + 7 - 10*r**2. Let z be q(-5). Suppose z = -3*g + 9. What are the prime factors of g?
2
Suppose -35 = -6*k + 7*k. Let a = -27 - k. List the prime factors of a.
2
Let w(h) = 0*h - 2*h - 5 - 2*h. Suppose 8*m - 7*m + 6 = 0. List the prime factors of w(m).
19
Suppose -2*v = 2*v - 2*l - 46, -3*v + 5*l = -38. Suppose -i + 2 = -v. What are the prime factors of i?
13
Suppose 4*l = -14*s + 19*s - 2885, s - 577 = -5*l. List the prime factors of s.
577
Let s = -340 - -719. List the prime factors of s.
379
List the prime factors of 1933*((-4)/30 - 119/(-105)).
1933
Let q be ((-1 - -12) + 1)*(-14)/(-56). List the prime factors of (-3 - 239/(-5))/(q/15).
2, 7
Suppose -7*v = -13*v. Suppose v = -5*b + 2*k + 144, 3*b + k + 2*k - 78 = 0. What are the prime factors of b?
2, 7
Suppose 2*t = t + 78. Suppose -k - t = -3*k. List the prime factors of k.
3, 13
What are the prime factors of (-13)/15*-5*156?
2, 13
Let l be 38*(0 + 2)*1. Let p = l - 25. List the prime factors of p.
3, 17
Let y(x) = 12*x**2 + 6*x - 12. List the prime factors of y(-4).
2, 3, 13
Let m(s) = 13*s**2 + 222*s + 8. What are the prime factors of m(-19)?
3, 7, 23
Suppose 154*u + 3945 = 157*u. List the prime factors of u.
5, 263
Let t be (171 + -3)*2/3. List the prime factors of (30/(-35))/((-1)/t).
2, 3
Let g be (-1)/(-2 - 5/((-60)/27)). Let q(j) = 12*j**2 + 3*j - 7. List the prime factors of q(g).
173
Suppose 0 = -5*v - 5, -4*h - v + 99 = 0. Let p be (-5)/h - 33/(-15). List the prime factors of 1603/49 + p/7.
3, 11
Suppose -2*y + 4041 = -h, 2*y - 6*y - 3*h + 8077 = 0. What are the prime factors of y?
2, 5, 101
Let i(l) = 2*l**2 - 33*l - 5. What are the prime factors of i(-16)?
3, 5, 23
Suppose 4*u + 3*u = -854. Let r = 178 + u. What are the prime factors of r?
2, 7
Let f = 14 + -8. Suppose v - 475 = f*v. Let q = -55 - v. List the prime factors of q.
2, 5
Suppose 2*k + 4*s + 96 = 0, k + 63 = -s - 4*s. Let t = k - -140. List the prime factors of t.
2, 3, 17
Suppose -901*l - 5445 = -904*l. What are the prime factors of l?
3, 5, 11
Let l = 5067 - 998. What are the prime factors of l?
13, 313
Let k(x) = x**2 - 3*x. Let a be k(4). Suppose 6*p = a*p + 418. Suppose -3*i = -p + 53. List the prime factors of i.
2, 13
Let k(z) = -4*z - 11 + 4*z - z - 5*z. Let t = 10 + -16. What are the prime factors of k(t)?
5
Suppose s = -4*n + 2319, 0*n - 4*s = 5*n - 2907. What are the prime factors of n?
3, 193
Suppose 0 = -5*l + 4*w + 3985, 5*w - 964 = 4*l - 4152. What are the prime factors of l?
797
Let m(c) = 4*c - 15. Let u be -11 - (-1 - (-3 - -1)). Let i = -5 - u. List the prime factors of m(i).
13
Suppose -162*a + 157*a + 4655 = 0. What are the prime factors of a?
7, 19
What are the prime factors of -5 - 409/(4/(-4)*1)?
2, 101
Let u(x) = x**3 + 8*x**2 + 2*x + 5. Let i be 2/9 - ((-152)/(-36) - -3). What are the prime factors of u(i)?
2, 5
Let w(c) = c**3 + 4*c**2 - 5*c - 10. What are the prime factors of w(-3)?
2, 7
Suppose 2*l = -3*z - l + 1020, 0 = 2*l - 10. Suppose z = 4*v - 185. What are the prime factors of v?
2, 5, 13
Let v = 120 + -252. Suppose -5*h - 445 = 5*s - 65, h - 4*s = -71. Let d = h - v. List the prime factors of d.
3, 19
Let w(f) = 2*f**2 - 4*f + 9. Let j be w(8). Suppose -5 = -5*u - h + 6*h, -4*u = -h - 1. Suppose u*i = -5*i + j. What are the prime factors of i?
3, 7
Let l(w) = -2*w + 2. Let x be l(1). Let m = x - 10. List the prime factors of 8/(-20) + (-134)/m.
13
Let c(p) = p**3 - 3*p**2 - 2*p - 2. Let h be ((-2)/(-1))/(5/10). Let o be c(h). Suppose 9*l - o = 6*l. List the prime factors of l.
2
What are the prime factors of (8/20)/((-8)/(-2000))?
2, 5
Suppose -4*q - 497 = 2*y - 2391, -3*q - 3 = 0. List the prime factors of y.
13, 73
List the prime factors of (-238)/21*90/(-4).
3, 5, 17
Suppose -5*p + 5 = 0, -w + 3*p = 9 + 6. Let j be 8/2*(-9)/w. Suppose j*o + o = 140. List the prime factors of o.
5, 7
Let d(f) = f**2 + 8*f + 9. Let b be d(-4). Let j = 16 + b. What are the prime factors of j?
3
Suppose -5*l + g = -3593, -4*g - 2092 = -4*l + 792. Suppose 0 = 4*h - 3*y - l, 4*y = -5*h + 438 + 475. List the prime factors of h.
181
Suppose 2*i + 2*q - 998 = 0, -3*i + 657 = q - 836. List the prime factors of i.
7, 71
List the prime factors of 1331 - (-4 + 12 - 2).
5, 53
Let u be 16/8 - (-11 - -1). Let q(w) = -5*w - 4. Let f be q(-5). Let g = f - u. What are the prime factors of g?
3
Let j(d) = -5*d**2 + 17. Let s(w) = -6*w**2 + 17. Let l(z) = 7*j(z) - 6*s(z). What are the prime factors of l(0)?
17
Let z =